what is 1 + -1201?
-1200
In base 7, what is 10 - -651?
661
In base 15, what is ac9 + -7?
ac2
In base 9, what is -12 + -31?
-43
In base 3, what is -21220 + 220?
-21000
In base 7, what is 1 + -42?
-41
In base 10, what is 1434 - 4?
1430
In base 13, what is -14 - -43?
2c
In base 9, what is -408 - -5?
-403
In base 13, what is -3 + 136?
133
In base 3, what is -11 - -101222211?
101222200
In base 5, what is 3 + 1024?
1032
In base 6, what is 325221 + 3?
325224
In base 10, what is 82 - -1?
83
In base 16, what is -1f + 3f?
20
In base 2, what is 11111111111 - 11?
11111111100
In base 15, what is 1 + -95?
-94
In base 13, what is -bba - 5?
-bc2
In base 6, what is 1 - 120?
-115
In base 16, what is -3 - 3ca?
-3cd
In base 16, what is 1 - -181?
182
In base 3, what is -12202 + 0?
-12202
In base 8, what is 11 - -6?
17
In base 9, what is 15 + 72?
87
In base 13, what is 148 - -1?
149
In base 7, what is -13 + -21?
-34
In base 2, what is 1010 - -10001011111?
10001101001
In base 11, what is -1 - 15?
-16
In base 7, what is -5016 + 2?
-5014
In base 2, what is 1010101 - 1?
1010100
In base 12, what is 5 + -37?
-32
In base 9, what is 22 + -60?
-37
In base 7, what is -5 - 4442?
-4450
In base 11, what is -50 - -1?
-4a
In base 16, what is -e9 - 3?
-ec
In base 10, what is 624 - 24?
600
In base 10, what is -6080 + 0?
-6080
In base 10, what is -112 - 54?
-166
In base 3, what is 12 + -1020?
-1001
In base 12, what is 3 + -52?
-4b
In base 7, what is -2211 + 0?
-2211
In base 12, what is 10 + 7?
17
In base 2, what is 1101 - -11011?
101000
In base 7, what is -252 + -1?
-253
In base 5, what is 0 - 221?
-221
In base 11, what is 3694 + 2?
3696
In base 3, what is 2110 - -120?
10000
In base 7, what is 1301 - 2?
1266
In base 12, what is -a8 + -3?
-ab
In base 11, what is 89 + -85?
4
In base 6, what is 224 + -14?
210
In base 10, what is -423 + -4?
-427
In base 7, what is 41 + 42?
113
In base 7, what is 230 - 12?
215
In base 12, what is 53 - -12?
65
In base 8, what is -1 + 1110?
1107
In base 5, what is 3 - 214?
-211
In base 15, what is -9ea - 4?
-9ee
In base 2, what is -10101000 + -100?
-10101100
In base 4, what is 2013013 - 10?
2013003
In base 14, what is -13 - 241?
-254
In base 10, what is 28 + -8?
20
In base 12, what is -b2 + -1?
-b3
In base 6, what is -44 + 1525?
1441
In base 11, what is -1 + 137?
136
In base 4, what is 203000 + -2?
202332
In base 7, what is 5 - 10?
-2
In base 3, what is -2022 - -10?
-2012
In base 7, what is -162 + 6?
-153
In base 6, what is -220 + 1?
-215
In base 4, what is 123 - 1300?
-1111
In base 16, what is -5 + -2f?
-34
In base 11, what is -19777 + 2?
-19775
In base 13, what is 4 + -18?
-14
In base 8, what is -4 + 3347?
3343
In base 7, what is -15 + 2?
-13
In base 11, what is -2 + 114?
112
In base 3, what is 1 + -1022001?
-1022000
In base 14, what is 2 - -731?
733
In base 15, what is 1 - 61?
-60
In base 2, what is 100110011000111 - -10?
100110011001001
In base 11, what is 13 + -8a?
-77
In base 13, what is -4 + 1cb?
1c7
In base 6, what is 5 + -3?
2
In base 14, what is -6 + 5?
-1
In base 13, what is 388 - 0?
388
In base 7, what is -3 - 63?
-66
In base 9, what is 1303 + -11?
1282
In base 13, what is -3 - 5b?
-61
In base 12, what is 2b - 6?
25
In base 10, what is -18 - -339?
321
In base 3, what is -22 - 11012?
-11111
In base 7, what is 66 - 306?
-210
In base 3, what is 12 - -11?
100
In base 15, what is -5b - 3?
-5e
In base 3, what is -1202 + 12?
-1120
In base 3, what is -12 + -21201?
-21220
In base 16, what is 34 + 8?
3c
In base 8, what is -31 - -73?
42
In base 3, what is 2 - -1101?
1110
In base 5, what is 230 + 202?
432
In base 15, what is 326 + -15?
311
In base 16, what is 1a + -d?
d
In base 13, what is -4 + 6b?
67
In base 12, what is 6 + -14?
-a
In base 3, what is 2 - 121202?
-121200
In base 9, what is -3 + 3270?
3266
In base 9, what is 738 - 5?
733
In base 3, what is 11012112 + -1?
11012111
In base 7, what is -31 + -46?
-110
In base 15, what is -ae4 + -2?
-ae6
In base 15, what is 4 + -25be?
-25ba
In base 15, what is 0 - 8c1?
-8c1
In base 13, what is -5 - -194?
18c
In base 2, what is 100111000111001 + 11?
100111000111100
In base 13, what is -873 + 1?
-872
In base 14, what is -4 - -c3a?
c36
In base 10, what is 4 - 242?
-238
In base 7, what is -12 + -5?
-20
In base 9, what is 864 - 4?
860
In base 15, what is -1 - -1ce0?
1cde
In base 15, what is 3 - 21?
-1d
In base 16, what is 4 - -f1?
f5
In base 8, what is -1155 + -4?
-1161
In base 15, what is 14d1 + -3?
14cd
In base 7, what is 42 + -5?
34
In base 14, what is -4 - -d6c?
d68
In base 8, what is -2416 + -1?
-2417
In base 12, what is 42 + -b?
33
In base 8, what is -13 + -173?
-206
In base 16, what is 4 - -2a0?
2a4
In base 2, what is 101 + 11001100?
11010001
In base 5, what is 1232 + 12?
1244
In base 5, what is -2 - -430?
423
In base 3, what is 1 - 20120?
-20112
In base 15, what is -5 - -621?
61b
In base 15, what is -1c85 - 2?
-1c87
In base 4, what is 3 + 133010?
133013
In base 6, what is -13 - -35?
22
In base 4, what is -11033110 - 11?
-11033121
In base 13, what is 38 + 2c?
67
In base 14, what is 22 - 1?
21
In base 4, what is -21030 - -3?
-21021
In base 11, what is 5 - a3?
-99
In base 9, what is 1 - 65?
-64
In base 7, what is -246 - 2?
-251
In base 4, what is -1020 + 1?
-1013
In base 14, what is 4 - -30b?
311
In base 10, what is 651 - -2?
653
In base 16, what is 3 - e7?
-e4
In base 6, what is 1430 - -1?
1431
In base 9, what is -4 + -8430?
-8434
In base 3, what is -2021 + -200?
-2221
In base 8, what is -146 - -1?
-145
In base 4, what is -1210 - 0?
-1210
In base 3, what is -2120102 - -20?
-2120012
In base 13, what is 50 - 2?
4b
In base 13, what is -712 + 3?
-70c
In base 8, what is 3477 - -5?
3504
In base 4, what is -3 - 0?
-3
In base 5, what is 12222 + 1?
12223
In base 3, what is 1 - -1022?
1100
In base 13, what is -34 - 2?
-36
In base 5, what is -22311 - -2?
-22304
In base 7, what is -2045 + 0?
-2045
In base 16, what is 26 - -1?
27
In base 14, what is -79 - -2?
-77
In base 13, what is -5 + -11c3?
-11c8
In base 8, what is -6 - 3356?
-3364
In base 12, what is 330 - -5?
335
In base 2, what is -11 - -11000000?
10111101
In base 15, what is 18 - 5?
13
In base 15, what is -34 + -3?
-37
In base 4, what is 2113 + -221?
1232
In base 6, what is -3 + -342?
-345
In base 7, what is 34 + -213?
-146
In base 5, what is 142 + -211?
-14
In base 6, what is -2 - 200?
-202
In base 7, what is -4 - -1065?
1061
In base 15, what is 68 + c?
75
In base 14, what is 0 - -2595?
2595
In base 7, what is 3 - 1433?
-1430
In base 5, what is 10 - -111?
121
In base 2, what is -101 + 10000010111?
10000010010
In base 5, what is 1212 - -12?
1224
In base 12, what is -10 - 1?
-11
In base 7, what is 6 - 23?
-14
In base 12, what is 287 + -2?
285
In base 12, what is -82 - 12?
-94
In base 4, what is 13100 - 113?
12321
In base 14, what is -44b - 20?
-46b
In base 6, what is 5 + 11234?
11243
In base 10, what is 654 + 6?
660
In base 16, what is 1a - 19?
1
In base 4, what is 10 - -10?
20
In base 7, what is 0 + -5453?
-5453
In base 11, what is -a96 + -1?
-a97
In base 12, what is -4 + -28?
-30
In base 7, what is 23 + -6?
14
In base 16, what is 55 - -50?
a5
In base 11, what is -837 - 3?
-83a
In base 16, what is -bb7 + -4?
-bbb
In base 10, what is 10 + -140?
-130
In base 16, what is -3 - 68?
-6b
In base 10, what is -8 + 1840?
1832
In base 8, what is 13335 + -2?
13333
In base 6, what is -2 - 341?
-343
In base 12, what is 5523 + -4?
551b
In base 15, what is -1c2a + -1?
-1c2b
In base 14, what is 418 + 5?
41d
In base 2, what is -1001 - -11001?
10000
In base 8, what is 2 - -30?
32
In base 15, what is 5 - 10?
-a
In base 6, what is 0 + -44?
-44
In base 6, what is -22355 - -4?
-22351
In base 2, what is -101 - 110000001?
-110000110
In base 5, what is -21312 - 12?
-21324
In base 12, what is 3 + 163?
166
In base 4, what is 22 - 11201?
-11113
In base 5, what is 14 - -201?
220
In base 3, what is -11 + -2?
-20
In base 3, what is -10000210 + -20?
-10001000
In base 9, what is 12023 - -5?
12028
In base 16, what is -27 + c?
-1b
In base 4, what is -10 + -1111?
-1121
In base 11, what is -21 + -10?
-31
In base 11, what is -11267 - -3?
-11264
In base 7, what is 1 + -51?
-50
In base 14, what is -46 + -4?
-4a
In base 5, what is 33 + 120?
203
In base 12, what is -4 - 28?
-30
In base 13, what is -2 + 